2867 (base 11) to base 8
-7167
1d62 (base 14) to base 5
133003
Convert 40242 (base 6) to base 11.
3a72
What is 3331 (base 8) in base 11?
1354
a78 (base 15) to base 6
14535
Convert -30213 (base 4) to base 16.
-327
-955 (base 10) to base 7
-2533
What is -10033133 (base 4) in base 9?
-25745
What is 102111101 (base 3) in base 4?
2002330
Convert 1a1 (base 12) to base 5.
2030
Convert -1321223 (base 5) to base 11.
-18955
Convert -106 (base 14) to base 7.
-406
-1221202020 (base 3) to base 6
-454010
121120 (base 3) to base 5
3242
Convert 1036 (base 7) to base 13.
226
-294 (base 16) to base 7
-1632
-22012 (base 3) to base 5
-1341
Convert b68 (base 12) to base 8.
3200
What is -21112011 (base 3) in base 13?
-265c
-54141 (base 6) to base 11
-5622
What is 2a610 (base 11) in base 9?
65383
Convert -15615 (base 8) to base 14.
-27db
What is 1204000 (base 5) in base 16?
5767
Convert 117 (base 10) to base 3.
11100
What is -11000000100 (base 2) in base 13?
-916
805 (base 13) to base 16
54d
Convert 14034 (base 6) to base 13.
cbb
20c (base 15) to base 11
390
What is 10000 (base 2) in base 5?
31
Convert -572 (base 8) to base 7.
-1050
-2024031 (base 5) to base 14
-c064
Convert 2006 (base 11) to base 4.
221230
Convert -1907 (base 13) to base 11.
-2887
Convert 24725 (base 9) to base 4.
10003310
-3013 (base 5) to base 9
-465
-abe (base 15) to base 11
-1909
-1102111 (base 3) to base 10
-1039
2888 (base 13) to base 9
8028
1e88 (base 15) to base 16
19fd
Convert -23872 (base 12) to base 4.
-23230112
What is -c247 (base 14) in base 10?
-33383
What is 8a11 (base 13) in base 16?
4b50
What is -560 (base 9) in base 15?
-209
What is 1074 (base 14) in base 8?
5436
-1010010000100 (base 2) to base 9
-7175
-1322 (base 5) to base 8
-324
Convert 10010 (base 2) to base 8.
22
What is 12011230 (base 4) in base 5?
1244230
What is -11781 (base 10) in base 15?
-3756
Convert -677 (base 15) to base 4.
-112312
What is 2cb (base 15) in base 13?
3a4
-100022111 (base 3) to base 2
-1101010000110
-20410 (base 12) to base 5
-2321220
What is -3135 (base 14) in base 9?
-12556
What is e6 (base 16) in base 4?
3212
What is -737 (base 14) in base 13?
-854
What is 2086 (base 9) in base 11?
1177
What is 413645 (base 7) in base 16?
11549
What is 1a864 (base 13) in base 4?
30223331
Convert -1173 (base 10) to base 4.
-102111
Convert 7377 (base 8) to base 2.
111011111111
Convert 1332 (base 7) to base 14.
289
Convert 1132 (base 9) to base 7.
2306
1140 (base 11) to base 16
5d8
Convert -2516 (base 7) to base 3.
-1021222
Convert 26313 (base 7) to base 3.
100121220
What is -20210 (base 4) in base 16?
-224
Convert 1631 (base 12) to base 8.
5105
What is -100554 (base 6) in base 7?
-32203
What is 2326 (base 9) in base 16?
6bd
What is -2613 (base 7) in base 11?
-820
What is 1664 (base 9) in base 5?
20043
236223 (base 7) to base 6
531010
a1ca (base 14) to base 13
c877
-301430 (base 5) to base 8
-22617
1841 (base 11) to base 7
6556
What is 2424 (base 6) in base 12?
414
a0cd (base 14) to base 2
110101111100101
What is 20113 (base 4) in base 14?
2a3
436 (base 10) to base 16
1b4
Convert 11103 (base 6) to base 9.
2113
156540 (base 7) to base 13
11238
What is 17453 (base 12) in base 4?
20022333
What is -145 (base 14) in base 2?
-100000001
Convert 121112211 (base 3) to base 6.
131504
What is 10367 (base 10) in base 14?
3ac7
Convert 1206 (base 7) to base 10.
447
Convert -945 (base 12) to base 16.
-545
Convert 1620 (base 7) to base 5.
10101
1045 (base 7) to base 4
11320
What is -1100111101110 (base 2) in base 7?
-25232
Convert -203332 (base 4) to base 5.
-33202
Convert -2ac (base 14) to base 8.
-1040
-74c (base 14) to base 8
-2640
What is -10a33 (base 13) in base 3?
-1112112222
-1103 (base 7) to base 4
-12023
What is 9389 (base 13) in base 16?
4fa9
Convert 20424 (base 8) to base 15.
2798
Convert -457 (base 11) to base 4.
-20202
1118a (base 15) to base 12
27557
254d (base 16) to base 2
10010101001101
Convert 53 (base 12) to base 13.
4b
Convert -11010010 (base 2) to base 11.
-181
What is -b3 (base 14) in base 7?
-313
1b3 (base 16) to base 9
533
What is 1221 (base 5) in base 14?
d4
What is -3 (base 4) in base 11?
-3
Convert 5229 (base 11) to base 13.
31cc
-5e2 (base 15) to base 4
-110321
What is 22221121 (base 3) in base 6?
50111
What is -2515 (base 11) in base 2?
-110011010011
1df0 (base 16) to base 13
3647
Convert 10024 (base 5) to base 14.
339
What is -e22 (base 16) in base 4?
-320202
Convert -10103 (base 4) to base 6.
-1135
Convert 16a (base 13) to base 15.
122
Convert 12212 (base 3) to base 5.
1113
Convert 129c (base 13) to base 9.
3580
What is -10110100110 (base 2) in base 13?
-873
What is 8793 (base 11) in base 10?
11597
-11ea (base 15) to base 10
-3820
Convert -274aa (base 12) to base 15.
-11134
Convert 77a (base 16) to base 14.
9aa
Convert 13303 (base 4) to base 13.
2c5
-22120202 (base 3) to base 9
-8522
Convert 23210203 (base 4) to base 5.
3004040
What is -1330 (base 5) in base 12?
-15b
What is -121214 (base 5) in base 3?
-20020212
Convert 14313 (base 5) to base 8.
2270
3035 (base 8) to base 10
1565
15761 (base 9) to base 6
122044
What is 437 (base 8) in base 2?
100011111
-3413 (base 5) to base 8
-743
640 (base 11) to base 10
770
-2132 (base 4) to base 3
-12212
Convert 207 (base 9) to base 14.
c1
What is 29 (base 13) in base 5?
120
What is 12300 (base 5) in base 6?
4222
Convert 7633 (base 9) to base 2.
1010111110011
What is -1000111011 (base 2) in base 14?
-2cb
15b (base 15) to base 7
623
What is -41544 (base 7) in base 4?
-2133300
-704 (base 8) to base 5
-3302
-3069 (base 15) to base 13
-4866
2f2 (base 16) to base 8
1362
What is -b7b3 (base 13) in base 3?
-1021222022
824 (base 9) to base 11
55a
What is -261 (base 14) in base 10?
-477
What is -494 (base 11) in base 8?
-1113
What is -4031 (base 5) in base 8?
-1004
What is -315c (base 15) in base 12?
-6059
370 (base 11) to base 6
2012
15779 (base 14) to base 4
31011233
Convert -555 (base 15) to base 14.
-621
Convert 2020101 (base 3) to base 8.
3136
Convert -4642 (base 12) to base 11.
-5975
110111 (base 4) to base 15
5bb
Convert -4a2 (base 14) to base 13.
-563
What is 14885 (base 9) in base 13?
484a
Convert -25351 (base 6) to base 10.
-3811
Convert -1202 (base 9) to base 14.
-47b
-ddc (base 16) to base 10
-3548
47a6 (base 12) to base 14
2d0a
34616 (base 8) to base 3
202012201
Convert 2a76 (base 11) to base 12.
2357
Convert -9c9 (base 13) to base 3.
-2022110
What is 15647 (base 8) in base 2?
1101110100111
What is -26d (base 15) in base 3?
-202111
What is -336 (base 15) in base 7?
-2055
What is 123142 (base 8) in base 16?
a662
What is 1102110 (base 3) in base 6?
4450
2230030 (base 4) to base 16
2b0c
-10044 (base 6) to base 12
-924
2210322 (base 4) to base 16
293a
Convert -1000000110101100 (base 2) to base 7.
-165532
What is 1100101011101 (base 2) in base 8?
14535
Convert 34730 (base 9) to base 2.
101101010011001
What is -6160 (base 9) in base 10?
-4509
What is -1100322 (base 4) in base 15?
-1803
What is -1047a (base 11) in base 14?
-5788
What is -23526 (base 7) in base 16?
-17d0
What is -1a741 (base 11) in base 16?
-70ab
1101200 (base 4) to base 5
131331
Convert -23746 (base 11) to base 10.
-34172
Convert -1aa (base 14) to base 8.
-532
Convert 100200 (base 4) to base 2.
10000100000
Convert 8320 (base 10) to base 3.
102102011
Convert 10011100011 (base 2) to base 4.
103203
4040121 (base 5) to base 4
33320030
What is 222 (base 3) in base 5?
101
Convert a8d4 (base 14) to base 2.
111001000001010
11100 (base 3) to base 6
313
What is -413 (base 7) in base 16?
-ce
What is -24710 (base 9) in base 15?
-4dc9
What is -6531 (base 11) in base 13?
-3c06
Convert -285 (base 9) to base 7.
-461
Convert 24314 (base 5) to base 2.
11100101010
What is -1115 (base 8) in base 5?
-4324
Convert -65 (base 11) to base 4.
-1013
Convert 20220 (base 3) to base 11.
15a
Convert 276 (base 8) to base 16.
be
What is 8053 (base 14) in base 12?
108b5
What is -291 (base 11) in base 2?
-101010110
What is 10d3 (base 14) in base 2?
101101110001
Convert 10011 (base 2) to base 3.
201
341 (base 5) to base 4
1200
-1600 (base 8) to base 9
-1205
-2012010 (base 3) to base 13
-95a
What is 514542 (base 6) in base 10?
41246
What is 3122 (base 4) in base 10?
218
What is 111122 (base 4) in base 13?
815
What is -100220022 (base 3